?
False
Is 1068 a factor of 21292316?
False
Is 954 a factor of 14841978?
False
Is 2953 a factor of 21197851?
False
Is 54543315 a multiple of 1983?
False
Is 2307 a factor of 187891308?
True
Does 54 divide 342338485?
False
Is 6 a factor of 453298656?
True
Is 156 a factor of 1199572066?
False
Is 10096851 a multiple of 65?
False
Is 10 a factor of 42934980?
True
Does 10 divide 180304950?
True
Is 20874309 a multiple of 107?
True
Does 5981 divide 877526714?
False
Is 70076864 a multiple of 247?
True
Is 276732450 a multiple of 75?
True
Does 74 divide 23915098?
True
Does 984 divide 14004180?
False
Is 134 a factor of 366374463?
False
Is 123 a factor of 1528177585?
False
Is 934 a factor of 25225472?
True
Is 10125790 a multiple of 370?
True
Is 6 a factor of 1002461?
False
Is 931793514 a multiple of 2325?
False
Is 66 a factor of 1245868198?
False
Does 18 divide 17455518?
True
Does 32 divide 189339771?
False
Does 942 divide 2737278672?
True
Is 8108498187 a multiple of 63?
False
Does 8 divide 3171258?
False
Is 12 a factor of 17478722?
False
Is 191556631 a multiple of 329?
True
Is 68 a factor of 454090253?
False
Is 185285221 a multiple of 1811?
True
Is 34 a factor of 176688643?
False
Is 2385 a factor of 402153930?
True
Is 373211820 a multiple of 10?
True
Is 472961628 a multiple of 36?
True
Is 212728246 a multiple of 665?
False
Is 367912629 a multiple of 63?
True
Is 947689936 a multiple of 8?
True
Is 2004495055 a multiple of 379?
False
Is 37203984 a multiple of 174?
True
Is 6221835 a multiple of 9?
True
Is 141674602 a multiple of 192?
False
Is 436284669 a multiple of 171?
False
Is 490896840 a multiple of 7?
True
Is 4647 a factor of 183203328?
True
Is 12490564 a multiple of 5417?
False
Is 21 a factor of 456591786?
True
Is 44 a factor of 17554856?
True
Is 724 a factor of 2076187288?
True
Does 74 divide 1546403900?
True
Does 31 divide 33932476?
True
Does 6 divide 188269748?
False
Is 310 a factor of 9465986?
False
Is 105930496 a multiple of 7?
True
Does 44 divide 5108852?
False
Is 388 a factor of 1288123528?
True
Does 5 divide 82737665?
True
Is 1631085661 a multiple of 7190?
False
Does 183 divide 17321739?
False
Is 147 a factor of 216109257?
True
Does 138 divide 79144242?
True
Is 969 a factor of 75165775?
False
Does 22 divide 362428?
True
Does 31 divide 34111346?
True
Is 111754697 a multiple of 6?
False
Is 15884881 a multiple of 6?
False
Does 516 divide 1328629308?
True
Is 2845 a factor of 389204535?
True
Is 59 a factor of 788868?
False
Does 25 divide 63013325?
True
Is 889129432 a multiple of 11171?
False
Is 7 a factor of 783742502?
False
Does 35 divide 722262347?
False
Is 84 a factor of 197793410?
False
Does 25 divide 177494825?
True
Is 5162567 a multiple of 2?
False
Is 726510045 a multiple of 1405?
True
Is 33 a factor of 4360070275?
False
Is 126242394 a multiple of 53?
False
Is 20 a factor of 101745580?
True
Is 151 a factor of 654082121?
False
Is 579610216 a multiple of 1213?
True
Is 30377467 a multiple of 101?
True
Is 780945900 a multiple of 2100?
True
Is 41614669 a multiple of 114?
False
Is 20003499 a multiple of 166?
False
Is 963 a factor of 44617716?
True
Is 2855713 a multiple of 8?
False
Is 3144043572 a multiple of 64?
False
Is 1051066148 a multiple of 356?
True
Is 1788 a factor of 25557304?
False
Does 6 divide 102540040?
False
Is 393078921 a multiple of 83?
False
Is 304783400 a multiple of 10?
True
Is 173132970 a multiple of 30?
True
Is 695 a factor of 59820735?
True
Is 7448 a factor of 356188895?
False
Is 45676574 a multiple of 23?
True
Does 3188 divide 233495496?
True
Is 25 a factor of 262061825?
True
Does 764 divide 628237964?
True
Is 282959034 a multiple of 20?
False
Does 5 divide 14288141?
False
Does 6 divide 51346936?
False
Is 2616 a factor of 336915369?
False
Is 9290952 a multiple of 49?
False
Is 1176 a factor of 6038795?
False
Is 12 a factor of 24241320?
True
Does 9 divide 41330321?
False
Is 552777390 a multiple of 15?
True
Is 90 a factor of 23691510?
True
Does 65 divide 9550466?
False
Is 4981723 a multiple of 12?
False
Is 5474 a factor of 218242906?
True
Is 2593 a factor of 304395676?
False
Is 166 a factor of 404576713?
False
Does 179 divide 12116084?
False
Does 19 divide 2496170?
False
Is 13657138 a multiple of 11?
True
Does 580 divide 585914631?
False
Is 3401 a factor of 100675036?
False
Does 374 divide 1255616940?
False
Is 8 a factor of 11455368?
True
Does 76 divide 469590879?
False
Is 11377 a factor of 5625869615?
True
Does 6 divide 137570547?
False
Is 6 a factor of 25373262?
True
Does 58 divide 3722382?
True
Does 25 divide 944373764?
False
Does 11 divide 50340752?
True
Is 112 a factor of 6246800?
True
Does 21 divide 54283299?
True
Is 101 a factor of 50177089?
False
Is 17 a factor of 497945470?
True
Is 316476333 a multiple of 307?
False
Does 69 divide 654128487?
True
Does 237 divide 1586012?
False
Is 16963736 a multiple of 9?
False
Does 4 divide 3027892?
True
Does 27 divide 43785495?
True
Does 17 divide 18437068?
False
Is 182 a factor of 112714420?
True
Is 31 a factor of 4565018762?
False
Does 32 divide 31425330?
False
Is 20240362 a multiple of 24?
False
Is 20 a factor of 149899560?
True
Does 222 divide 634610976?
True
Is 4093093354 a multiple of 12?
False
Does 458 divide 77173916?
True
Is 223359948 a multiple of 84?
True
Is 68 a factor of 26560052?
True
Is 995 a factor of 1344718333?
False
Is 253530152 a multiple of 244?
True
Does 251 divide 33358795?
False
Is 8 a factor of 877737776?
True
Does 90 divide 29198018?
False
Is 20291182 a multiple of 17?
False
Is 4544364 a multiple of 2388?
True
Does 84 divide 2651557214?
False
Is 645 a factor of 41241945?
True
Is 614 a factor of 856320391?
False
Does 21 divide 4614673854?
True
Is 6 a factor of 5467220?
False
Is 199321 a multiple of 6?
False
Is 187577792 a multiple of 8?
True
Does 288 divide 314105713?
False
Is 237 a factor of 43556334?
True
Is 1578 a factor of 2955846814?
False
Is 54337822 a multiple of 87?
False
Does 2097 divide 32085111?
False
Is 79573374 a multiple of 6?
True
Does 14 divide 152789062?
False
Does 16 divide 14029948?
False
Is 315319177 a multiple of 36?
False
Is 191706795 a multiple of 73?
False
Does 37 divide 426180726?
True
Is 8 a factor of 27175998?
False
Is 166 a factor of 13873421?
False
Is 1344024828 a multiple of 10?
False
Is 40874693 a multiple of 18?
False
Is 11 a factor of 284165827?
True
Does 77 divide 587165579?
True
Is 170 a factor of 968314?
False
Does 51 divide 20824902?
False
Is 77 a factor of 104065115?
True
Is 73 a factor of 636870288?
False
Is 145 a factor of 3682973?
False
Is 12513763 a multiple of 6?
False
Does 139 divide 1457441410?
True
Is 1270 a factor of 12079104?
False
Is 26 a factor of 21119216?
False
Is 42748199 a multiple of 24?
False
Is 245 a factor of 190276065?
True
Does 1169 divide 34007739?
False
Is 2649533744 a multiple of 2288?
True
Is 67 a factor of 140260198?
False
Is 3421241164 a multiple of 677?
True
Does 16 divide 1636545008?
True
Is 206 a factor of 179837627?
False
Does 13 divide 2749851039?
True
Is 2397 a factor of 5565497?
False
Is 153441568 a multiple of 1064?
True
Does 14 divide 40817518?
True
Is 162 a factor of 440723183?
False
Is 5 a factor of 165877035?
True
Is 359101812 a multiple of 2414?
True
Is 186 a factor of 133038376?
False
Does 87 divide 31413090?
True
Does 1237 divide 22433510?
False
Is 4586277667 a multiple of 6828?
False
Is 14 a factor of 69746909?
False
Does 463 divide 37359755?
False
Is 11789124 a multiple of 1085?
False
Does 2966 divide 66084612?
False
Is 2914 a factor of 1857078773?
False
Is 24658634 a multiple of 77?
True
Does 351 divide 7531407?
True
Is 344776620 a multiple of 239?
True
Is 1599 a factor of 100477246?
False
Is 8355258 a multiple of 54?
True
Is 4 a factor of 405396421?
False
Is 182169392 a multiple of 124?
True
Does 73 divide 32089526?
False
Is 1455 a factor of 200845630?
False
Is 3609 a factor of 1106993368?
False
Is 45577952 a multiple of 4?
True
Does 655 divide 81036600?
True
Is 3037 a factor of 348541305?
True
Is 179962387 a multiple of 11?
True
Does 2 divide 235749362?
True
Does 13 divide 12764151?
False
Does 1403 divide 203475687?
True
Is 1306 a factor of 21464239?
False
Is 59620916 a multiple of 983?
True
Does 108 divide 1289827260?
True
Does 450 divide 29103637?
False
Is 1885 a factor of